{"id":149,"date":"2018-11-27T17:29:28","date_gmt":"2018-11-27T16:29:28","guid":{"rendered":"https:\/\/portugueseplatform.pt\/2019\/2019\/?page_id=149"},"modified":"2019-03-06T10:02:58","modified_gmt":"2019-03-06T10:02:58","slug":"team","status":"publish","type":"page","link":"https:\/\/portugueseplatform.pt\/2019\/team\/","title":{"rendered":"team | o espa\u00e7o do tempo"},"content":{"rendered":"<section class=\"wpb-content-wrapper\"><p>[vc_row][vc_column width=&#8221;2\/3&#8243;][vc_column_text]<span style=\"color: #00ccff;\">Artistic Director and Programming<\/span>\u00a0Rui Horta \/\/ rui.horta@oespacodotempo.pt<br \/>\n<span style=\"color: #00ccff;\">Programming and International Relations<\/span>\u00a0Pia Kr\u00e4mer \/\/ pia.kraemer@oespacodotempo.pt<br \/>\n<span style=\"color: #00ccff;\">Technical Director<\/span>\u00a0Manuel Chambel\u00a0\/\/ manuel.chambel@gmail.com<br \/>\n<span style=\"color: #00ccff;\">Head of Production<\/span> Susana Pican\u00e7o \/\/ susana.picanco@oespacodotempo.pt<br \/>\n<span style=\"color: #00ccff;\">ExecutiveProduction<\/span>\u00a0In\u00eas Pontes \/\/ ines.pontes@oespacodotempo.pt,<br \/>\nS\u00edlvia Tecedeiro\u00a0\/\/ silvia.tecedeiro@oespacodotempo.pt<br \/>\n<span style=\"color: #00ccff;\">Treasurer<\/span> Maria Ana Sousa<br \/>\n<span style=\"color: #00ccff;\">Front of House Direction<\/span>\u00a0Andreia Abreu<br \/>\n<span style=\"color: #00ccff;\">Production Suport Team<\/span> (&#8230;)<br \/>\n<span style=\"color: #00ccff;\">Technical Support<\/span>\u00a0Andr\u00e9 Carinha, Carlos Mavioso, Carlos Louren\u00e7o, Henrique Mota, Hugo Pistolas, Ivan Bas\u00edlio,Henrique Mota , Jo\u00e3o Lu\u00eds Teod\u00f3sio, Jo\u00e3o Nunes, Jo\u00e3o Nunes, Jo\u00e3o Pedro Palma, Jo\u00e3o Sofio, Lu\u00eds Bombico, Manuel Abrantes, Paulo Vargues , Tiago Coelho, Vasco Mosa, Yoann Crochet<br \/>\n<span style=\"color: #00ccff;\">Maintenance<\/span>\u00a0Mafalda Catarro, Maria Lu\u00edsa Alves, Anabela Ferreira<br \/>\n<span style=\"color: #00ccff;\">Head of Catering<\/span> Maria Santos<br \/>\n<span style=\"color: #00ccff;\">Design\/Illustration<\/span> Miguel Rocha<br \/>\n<span style=\"color: #00ccff;\">Web development\u00a0<\/span>Helder Cardoso[\/vc_column_text][\/vc_column][vc_column width=&#8221;1\/3&#8243;][vc_single_image image=&#8221;419&#8243; img_size=&#8221;medium&#8221;][\/vc_column][\/vc_row]<\/p>\n<\/section>","protected":false},"excerpt":{"rendered":"<p>[vc_row][vc_column width=&#8221;2\/3&#8243;][vc_column_text]Artistic Director and Programming\u00a0Rui Horta \/\/ rui.horta@oespacodotempo.pt Programming and International Relations\u00a0Pia Kr\u00e4mer \/\/ pia.kraemer@oespacodotempo.pt Technical Director\u00a0Manuel Chambel\u00a0\/\/ manuel.chambel@gmail.com Head of Production Susana [&hellip;]<\/p>\n","protected":false},"author":1,"featured_media":0,"parent":0,"menu_order":0,"comment_status":"closed","ping_status":"closed","template":"","meta":[],"_links":{"self":[{"href":"https:\/\/portugueseplatform.pt\/2019\/wp-json\/wp\/v2\/pages\/149"}],"collection":[{"href":"https:\/\/portugueseplatform.pt\/2019\/wp-json\/wp\/v2\/pages"}],"about":[{"href":"https:\/\/portugueseplatform.pt\/2019\/wp-json\/wp\/v2\/types\/page"}],"author":[{"embeddable":true,"href":"https:\/\/portugueseplatform.pt\/2019\/wp-json\/wp\/v2\/users\/1"}],"replies":[{"embeddable":true,"href":"https:\/\/portugueseplatform.pt\/2019\/wp-json\/wp\/v2\/comments?post=149"}],"version-history":[{"count":12,"href":"https:\/\/portugueseplatform.pt\/2019\/wp-json\/wp\/v2\/pages\/149\/revisions"}],"predecessor-version":[{"id":762,"href":"https:\/\/portugueseplatform.pt\/2019\/wp-json\/wp\/v2\/pages\/149\/revisions\/762"}],"wp:attachment":[{"href":"https:\/\/portugueseplatform.pt\/2019\/wp-json\/wp\/v2\/media?parent=149"}],"curies":[{"name":"wp","href":"https:\/\/api.w.org\/{rel}","templated":true}]}}

team | o espaço do tempo

<section class="wpb-content-wrapper"><p>[vc_row][vc_column width=&#8221;2/3&#8243;][vc_column_text]<span style="color: #00ccff;">Artistic Director and Programming</span> Rui Horta // rui.horta@oespacodotempo.pt<br />
<span style="color: #00ccff;">Programming and International Relations</span> Pia Krämer // pia.kraemer@oespacodotempo.pt<br />
<span style="color: #00ccff;">Technical Director</span> Manuel Chambel // manuel.chambel@gmail.com<br />
<span style="color: #00ccff;">Head of Production</span> Susana Picanço // susana.picanco@oespacodotempo.pt<br />
<span style="color: #00ccff;">ExecutiveProduction</span> Inês Pontes // ines.pontes@oespacodotempo.pt,<br />
Sílvia Tecedeiro // silvia.tecedeiro@oespacodotempo.pt<br />
<span style="color: #00ccff;">Treasurer</span> Maria Ana Sousa<br />
<span style="color: #00ccff;">Front of House Direction</span> Andreia Abreu<br />
<span style="color: #00ccff;">Production Suport Team</span> (&#8230;)<br />
<span style="color: #00ccff;">Technical Support</span> André Carinha, Carlos Mavioso, Carlos Lourenço, Henrique Mota, Hugo Pistolas, Ivan Basílio,Henrique Mota , João Luís Teodósio, João Nunes, João Nunes, João Pedro Palma, João Sofio, Luís Bombico, Manuel Abrantes, Paulo Vargues , Tiago Coelho, Vasco Mosa, Yoann Crochet<br />
<span style="color: #00ccff;">Maintenance</span> Mafalda Catarro, Maria Luísa Alves, Anabela Ferreira<br />
<span style="color: #00ccff;">Head of Catering</span> Maria Santos<br />
<span style="color: #00ccff;">Design/Illustration</span> Miguel Rocha<br />
<span style="color: #00ccff;">Web development </span>Helder Cardoso[/vc_column_text][/vc_column][vc_column width=&#8221;1/3&#8243;][vc_single_image image=&#8221;419&#8243; img_size=&#8221;medium&#8221;][/vc_column][/vc_row]</p>
</section>

<p>[vc_row][vc_column width=&#8221;2/3&#8243;][vc_column_text]Artistic Director and Programming Rui Horta // rui.horta@oespacodotempo.pt Programming and International Relations Pia Krämer // pia.kraemer@oespacodotempo.pt Technical Director Manuel Chambel // manuel.chambel@gmail.com Head of Production Susana [&hellip;]</p>
