{"id":129,"date":"2018-11-27T17:16:30","date_gmt":"2018-11-27T16:16:30","guid":{"rendered":"https:\/\/portugueseplatform.pt\/2019\/2019\/?page_id=129"},"modified":"2019-03-06T09:48:46","modified_gmt":"2019-03-06T09:48:46","slug":"welcome","status":"publish","type":"page","link":"https:\/\/portugueseplatform.pt\/2019\/welcome\/","title":{"rendered":"Welcome"},"content":{"rendered":"<section class=\"wpb-content-wrapper\"><p>[vc_row][vc_column width=&#8221;2\/3&#8243;][vc_column_text]<\/p>\n<h3><span style=\"color: #00aeff;\">The Portuguese Platform for Performing Arts is coming soon! And with it, the excitement,\u00a0 curiosity and\u00a0 passion for the arts that for a few days transform our small town of Montemor in a vibrant and cosmopolitan environment, a place of encounter for dance, theatre and performance.<\/span><\/h3>\n<p>During 4 days, from the June 5 till 8, we will display 17 of the most interesting works created in Portugal during the last two years.<br \/>\nSurprising, experimental and innovative\u00a0 creations,\u00a0 witnessing the vitality of our performing arts scene, chosen by an attentive jury.<\/p>\n<p>In a challenging year, where Espa\u00e7o do Tempo has to depart from the Convento da Sauda\u00e7\u00e3o so that the renovation works can happen, we are happy to announce that we will move to an exiting location, also a convent previously used as a hospital, and that will be our temporary home during our platform. A great space, located in the historical center of Montemor, that will offer the ideal conditions to accomplish our needs.<\/p>\n<p>As in previous years, we will do our best to welcome all the promoters, theatre and festival directors, that will spend 4 days discovering the works and meeting Portuguese artists, hopping to make your trip to Montemor-o-Novo a memorable one.<\/p>\n<p>Welcome![\/vc_column_text][\/vc_column][vc_column width=&#8221;1\/3&#8243;][vc_single_image image=&#8221;418&#8243; img_size=&#8221;medium&#8221;][\/vc_column][\/vc_row]<\/p>\n<\/section>","protected":false},"excerpt":{"rendered":"<p>[vc_row][vc_column width=&#8221;2\/3&#8243;][vc_column_text] The Portuguese Platform for Performing Arts is coming soon! And with it, the excitement,\u00a0 curiosity and\u00a0 passion for the arts that [&hellip;]<\/p>\n","protected":false},"author":1,"featured_media":0,"parent":0,"menu_order":0,"comment_status":"closed","ping_status":"closed","template":"","meta":[],"_links":{"self":[{"href":"https:\/\/portugueseplatform.pt\/2019\/wp-json\/wp\/v2\/pages\/129"}],"collection":[{"href":"https:\/\/portugueseplatform.pt\/2019\/wp-json\/wp\/v2\/pages"}],"about":[{"href":"https:\/\/portugueseplatform.pt\/2019\/wp-json\/wp\/v2\/types\/page"}],"author":[{"embeddable":true,"href":"https:\/\/portugueseplatform.pt\/2019\/wp-json\/wp\/v2\/users\/1"}],"replies":[{"embeddable":true,"href":"https:\/\/portugueseplatform.pt\/2019\/wp-json\/wp\/v2\/comments?post=129"}],"version-history":[{"count":7,"href":"https:\/\/portugueseplatform.pt\/2019\/wp-json\/wp\/v2\/pages\/129\/revisions"}],"predecessor-version":[{"id":757,"href":"https:\/\/portugueseplatform.pt\/2019\/wp-json\/wp\/v2\/pages\/129\/revisions\/757"}],"wp:attachment":[{"href":"https:\/\/portugueseplatform.pt\/2019\/wp-json\/wp\/v2\/media?parent=129"}],"curies":[{"name":"wp","href":"https:\/\/api.w.org\/{rel}","templated":true}]}}

<section class="wpb-content-wrapper"><p>[vc_row][vc_column width=&#8221;2/3&#8243;][vc_column_text]</p>
<h3><span style="color: #00aeff;">The Portuguese Platform for Performing Arts is coming soon! And with it, the excitement,  curiosity and  passion for the arts that for a few days transform our small town of Montemor in a vibrant and cosmopolitan environment, a place of encounter for dance, theatre and performance.</span></h3>
<p>During 4 days, from the June 5 till 8, we will display 17 of the most interesting works created in Portugal during the last two years.<br />
Surprising, experimental and innovative  creations,  witnessing the vitality of our performing arts scene, chosen by an attentive jury.</p>
<p>In a challenging year, where Espaço do Tempo has to depart from the Convento da Saudação so that the renovation works can happen, we are happy to announce that we will move to an exiting location, also a convent previously used as a hospital, and that will be our temporary home during our platform. A great space, located in the historical center of Montemor, that will offer the ideal conditions to accomplish our needs.</p>
<p>As in previous years, we will do our best to welcome all the promoters, theatre and festival directors, that will spend 4 days discovering the works and meeting Portuguese artists, hopping to make your trip to Montemor-o-Novo a memorable one.</p>
<p>Welcome![/vc_column_text][/vc_column][vc_column width=&#8221;1/3&#8243;][vc_single_image image=&#8221;418&#8243; img_size=&#8221;medium&#8221;][/vc_column][/vc_row]</p>
</section>
